 + 8. What is the tens digit of q(5)?
0
Suppose -27 = -5*d + 13. Let t = 6 + d. What is the units digit of (-2)/(-7) - (-122)/t?
9
Suppose -2*k + 1467 = 5*j, -5*j - 3650 = 2*k - 7*k. What is the hundreds digit of k?
7
Let c be -1 - (4 - (110 + 3)). Suppose -5*w + c + 362 = 0. What is the units digit of w?
4
Let w = 173 - 262. Let l be (-70)/((3/2 + -1)*-1). Let p = w + l. What is the tens digit of p?
5
Let d(s) = 93*s - 28. What is the hundreds digit of d(5)?
4
Suppose -3*b = -5*b + 410. Let v(i) = 2*i**2 - 10*i - 25. Let m be v(10). Suppose 5*n - b = -m. What is the units digit of n?
6
Let q be -221 - (36/(-60))/((-6)/20). Let t = q - -492. What is the hundreds digit of t?
2
Let n(l) = l + 9. Let y be n(6). Let b = -13 + y. Suppose 2*u + 0*z - 9 = 3*z, -b*u - 3*z + 27 = 0. What is the units digit of u?
9
Suppose -42*b = -0*b - 10248. What is the hundreds digit of b?
2
Suppose 2*z - 11 + 122 = 3*c, -2*c + 74 = -5*z. Suppose -107 = -2*i + c. What is the tens digit of i?
7
Let p(y) be the third derivative of 7*y**4/12 + 7*y**3/2 + 27*y**2. What is the tens digit of p(11)?
7
Suppose -15 = d - 0*u + 4*u, 4*u + 21 = -3*d. Let r(v) = -v - 1. Let t be r(d). What is the units digit of (1/t)/((-1)/(-26))?
3
Let i(w) = 3*w**2 + 12*w + 18. What is the hundreds digit of i(12)?
5
Let c be ((2040/18)/(-5))/(1/3). Let a = c - -91. What is the units digit of a?
3
Let w = 1 - -188. What is the units digit of w?
9
Suppose -5*f + 2*v = 140, -3*f + 0*f = v + 84. Suppose 0 = -p + 3, 2*l + 5*p - 2 - 1 = 0. Let j = l - f. What is the units digit of j?
2
Let s = -8 - -21. Suppose -s - 3 = -4*u. Suppose -3*r = -5*r - u*k + 56, 3*k = -3*r + 99. What is the tens digit of r?
3
Let t(k) = k + 7. Let a be t(-6). Let h be 38/a*3/(-6). What is the tens digit of (2 - 0)/((-2)/h)?
1
Let v(o) = -2*o + 18. Let u be v(9). What is the units digit of 13 + 0 - u/(-14)?
3
Let v(c) = -20*c - 12. What is the units digit of v(-3)?
8
Suppose -45*w = -51*w + 876. Let v = 224 - w. What is the units digit of v?
8
Let m(z) = 15*z**2 + 14*z + 44. What is the thousands digit of m(-14)?
2
Suppose 33 = 3*r + 6. Suppose 2*m + m = r. Suppose 2 = u + 1, 0 = -m*s - 4*u + 88. What is the units digit of s?
8
Suppose 0 = 4*d - 20, -4*q = 14*d - 15*d - 10011. What is the tens digit of q?
0
Suppose -6*c - 5 = 19. What is the units digit of -3 + c + (14 - 2)?
5
Suppose 5*l - 3142 = -3*f + 1868, 2*f = 0. What is the hundreds digit of l?
0
Let b = -16 + 11. Let t = 10 + b. Let w = t + -2. What is the units digit of w?
3
Let j = -50 - -41. Let v(d) = 3*d**2 + 12*d. What is the tens digit of v(j)?
3
Suppose -13*i + 31727 = -13760. What is the hundreds digit of i?
4
Let y = -165 - -252. What is the units digit of y?
7
Suppose -25*a + 27*a + 52 = 0. Let m = a - -51. What is the units digit of m?
5
Let h be 6 + -4 + (-4)/(-2). Suppose 193 = h*v - 55. Suppose -64 = -3*p + 2*w, v = -3*p + 6*p - 4*w. What is the tens digit of p?
2
Suppose x + 1 = 8. Let j(g) = -4*g - 5. Let d(v) = 9*v + 9. Let q(r) = -3*d(r) - 7*j(r). What is the units digit of q(x)?
5
Suppose -l = 4*w + 12 - 0, -3*w - 12 = 0. Suppose 4*t = -5*p + 5, -4 - 8 = l*p. What is the units digit of t/(-15) - (-19)/3?
6
Let r = 9 + -14. Suppose 4*l = 2*l + 8. What is the units digit of -3 - -3 - r*l?
0
Let w be (-21)/(-15) - (-9)/15. What is the tens digit of 15/(3/w + -1)?
3
Let b = -14 - -13. Let d = 8 + b. Suppose -2*y + d = -49. What is the tens digit of y?
2
Suppose 0 = 5*o - 4*b + 188, -3*o + o = -3*b + 71. Let f = o - -42. What is the units digit of f?
2
Suppose 0 = -u - 36 - 339. Let h be u/(-18) - (-4)/24. Let b = 18 + h. What is the units digit of b?
9
Let m(y) = 41*y + 64. What is the units digit of m(6)?
0
Suppose 4*r + 4*x = 12, -r + 6 = 5*x + 3. Suppose 0 = 3*h + d + 5, -1 = 2*h - r*h + d. What is the units digit of (-201)/(-6) + h/(-2)?
4
Let o = -2 + 18. Let h be (o/(-3))/(3/18). Let k = -1 - h. What is the tens digit of k?
3
Let v(j) = 49*j + 133. Let c(x) = 8*x + 22. Let l(b) = 35*c(b) - 6*v(b). What is the tens digit of l(-5)?
4
Let q = -55 + 44. Let y = 63 - q. What is the tens digit of y?
7
Suppose 0 = 6*q - 7889 - 499. What is the hundreds digit of q?
3
Suppose 0 = 7*j + 22 + 20. Let x(d) = 8*d**2 + 12*d - 2. What is the hundreds digit of x(j)?
2
What is the hundreds digit of 3/8 - 857919/(-472)?
8
Let g = -1 + 6. Suppose -2*x + 5*d - 15 = 0, -g*x - 5*d = -62 + 12. Suppose -12 = n - x*n. What is the units digit of n?
3
Let x(o) = 64*o - 160. What is the units digit of x(7)?
8
Let j = 29 - -15. Let c be j - (-4 - -4*2). What is the units digit of (c/(-5 - -1))/(-2)?
5
Suppose 15*i - 39420 = -10335. What is the thousands digit of i?
1
Let c = 13783 + -9261. What is the tens digit of c?
2
Let z(n) = 3*n**3 - n + 2. Let v be z(1). Suppose -r - p = -229, 0 = -v*p + p. What is the tens digit of r?
2
Let d = 2643 + -1877. What is the tens digit of d?
6
Let i(u) = 7*u + 1. Suppose 7 = y - 0*y. What is the units digit of i(y)?
0
Suppose 37*n - 10303 = 22035. What is the tens digit of n?
7
Suppose 0 = -f - f + 8. Suppose 2*o - 6 = f*o. Let q = o + 21. What is the units digit of q?
8
Let v(b) = 6*b**2 - 16*b + 17. What is the hundreds digit of v(-8)?
5
Suppose -b - 3*b = -72. Suppose 2*f + 18 = -4*f. Let m = b - f. What is the tens digit of m?
2
What is the units digit of (85/4)/((-9)/(-288)) - 0?
0
Let f = 911 + -201. What is the hundreds digit of f?
7
Let s(g) = -g**3 - 5*g**2 - 24*g + 6. Let p be s(-11). Suppose h - 6*h = 4*j - p, -2*h = j - 399. What is the units digit of h?
0
Suppose 0 = 2*z + 3*f - 840, 1213 + 451 = 4*z + 2*f. What is the units digit of z?
4
Suppose -3*q + 3*a = -4*q + 4, -2*a + 36 = 4*q. What is the units digit of q/(-4)*(-6)/15?
1
What is the tens digit of 21164/33 + (3 - 21/9)?
4
Let a be 246/78 + 2/(-13). Suppose 2*l - 105 = -2*l - 3*j, 2*j = a*l - 100. Suppose -l - 9 = -d. What is the units digit of d?
9
Let w be ((-3)/(-3))/(13/689). Suppose 0 = 5*d + 3*r - 7, 6*r = r - 5. Suppose 5*g - 240 = o, -d*g = -5*o - 66 - w. What is the units digit of g?
7
Let t(y) = -13*y + 27. Let b(z) = -2*z + 1. Let l be b(6). What is the hundreds digit of t(l)?
1
Suppose -3*m = 12, -i = -2*i + m - 10. Let d = i + 43. What is the tens digit of d?
2
Let i(y) = y**3 - 2*y**2 - 16*y - 4. What is the tens digit of i(8)?
5
Let g(x) = -8*x - 11. Let b(y) = 12*y + 17. Let l(q) = 5*b(q) + 8*g(q). Let f = -91 + 88. What is the units digit of l(f)?
9
Let c(b) be the first derivative of -3*b**4/4 + 2*b**3/3 + 2*b**2 + 6*b + 22. What is the tens digit of c(-2)?
3
Suppose -4*f - 383 = -m, -3*m - 2*f + 2003 = 2*m. What is the hundreds digit of m?
3
Let s(t) = -t**3 + 8*t**2 + 5*t - 1. Let v be s(8). What is the hundreds digit of (-3*v)/1*-1?
1
Let z = -117 - -120. Suppose -z*w + 5*w - 260 = 0. What is the hundreds digit of w?
1
Suppose 0 = 7*p - 3*p - 76. What is the tens digit of (39 - p)*8/(2*1)?
8
Let y(b) = -b + 19. Let k be y(15). Suppose -3*m = -0*u + k*u - 341, 0 = -u - m + 86. What is the tens digit of u?
8
Suppose 14*a - 2462 = 3586. What is the units digit of a?
2
Suppose -4*m + 4*v + 639 = v, -463 = -3*m - v. Let f = 293 - m. What is the tens digit of f?
3
Suppose -188*p = -174*p - 26404. What is the tens digit of p?
8
Let p(x) = -2*x - 9. Let f be p(-6). Suppose -2*w - 52 = -0*d - 2*d, 4*d = -f*w + 125. What is the tens digit of (d - 3) + -2 + 0?
2
What is the thousands digit of (90 - -14)*(-355)/(-20)?
1
Suppose 1338 - 10098 = -10*p. Suppose 3*w - p = 69. What is the units digit of w?
5
Let l(i) be the first derivative of -i**4/2 + 23*i**3/3 - 14*i + 18. What is the hundreds digit of l(11)?
1
Suppose -53 = 3*n + 43. Let v = n - -124. What is the tens digit of v?
9
Suppose 0 = q - 376 - 166. What is the hundreds digit of q?
5
Suppose -2*f = 2*t - 446, 7*t + 877 = 4*f + 6*t. What is the hundreds digit of f?
2
What is the tens digit of 9/(-15) - 12415/(-25)?
9
Let m be 12/18*30/4. Suppose -m*t = 4*t - 378. What is the tens digit of t?
4
What is the hundreds digit of -10 + -1 + 196935/57?
4
Let p(g) be the second derivative of -7*g**3/3 + 46*g**2 - 49*g. What is the units digit of p(0)?
2
Let t(m) = 50*m**2 - 42*m + 127. What is the hundreds digit of t(3)?
4
Let v(s) be the first derivative of s**4/4 - 5*s**3/3 - 3*s**2/2 - 8*s - 311. Let